emainder when 24 is divided by (4*(-3)/8)/(2/(-12)).
6
Let g(k) = k**2 - 2. Let j be g(2). Suppose -4*c = 4*s - 44, s - c - j*c = 11. Calculate the remainder when 19 is divided by s.
8
Let x(s) = 2*s**2 - 14*s - 18. Calculate the remainder when x(12) is divided by 26.
24
Suppose 0 = 3*v - 9, 4*v = -f + 29 - 10. Suppose 6*g = -g + 182. Calculate the remainder when g is divided by f.
5
Let g be 5 - 2/(1/1). Suppose 0 = -5*o - 2*t + 141, 2*t = -1 - 3. What is the remainder when o is divided by (5/g)/((-5)/(-30))?
9
Let w = 10 - 16. Let m = -7 - w. Calculate the remainder when 25 is divided by m/(2*(-1)/18).
7
Suppose 2*p - j + 8 - 21 = 0, -4*p + 20 = -4*j. What is the remainder when (2/(-3))/(p/(-24)) is divided by 2/8 + (-14)/(-8)?
0
Suppose j - 5*z = 6*j - 25, -j = -2*z + 10. Suppose j = 3*s - 13 - 5. Calculate the remainder when 23 is divided by s.
5
Suppose 427 = 4*a - 5*k, 3*k = -5*a + 565 - 22. Let f = a + -53. Calculate the remainder when f is divided by 19.
17
Let j(l) = l - 5. Let f be j(5). Suppose 0*g - 2*d = -5*g + 19, f = -4*g + 2*d + 16. Let b(n) = n**2 - 2*n - 1. What is the remainder when 2 is divided by b(g)?
0
Let y = 20 - 14. Suppose -3*k = -2*k - 9. What is the remainder when k is divided by y?
3
Let l(q) = -3*q - 19. What is the remainder when 9 is divided by l(-8)?
4
Let k = 4 + -2. Suppose -q = k*q + 30. Let u = 13 - q. Calculate the remainder when u is divided by 8.
7
Let f(m) = m**2 + 7*m - 5. Let x = 3 + 1. Suppose -x*j + 21 = -11. Calculate the remainder when j is divided by f(-8).
2
Let c be 6/3 + 0/3. Suppose 21 = i + c*m - 6*m, -i - 2*m = -45. Calculate the remainder when i is divided by 13.
11
Suppose -3*b + 26 + 22 = 0. What is the remainder when 30 is divided by b?
14
Let g(t) = -7*t - 8. What is the remainder when 19 is divided by g(-2)?
1
Suppose m + 2*p - 3 = 0, -p + 0 = -m + 3. Suppose -3*y = m, y + 156 = 3*h + 4*y. Calculate the remainder when h is divided by 18.
17
Calculate the remainder when 18 is divided by 8 + (-6)/9*-3.
8
Suppose 56 = 5*k - 3*k. Calculate the remainder when k is divided by 15.
13
Let u = -9 + 32. Calculate the remainder when 45 is divided by u.
22
Let b(t) = -t**2 + 13*t + 13. Calculate the remainder when 36 is divided by b(13).
10
Let m(t) = t**3 - 10*t**2 + 11*t - 5. Calculate the remainder when 73 is divided by m(9).
8
Let k(s) = s**2 + 7*s + 14. Let j = -3 - -6. Calculate the remainder when k(-8) is divided by -2 + j + -1 + 8.
6
Let z = -75 - -202. Calculate the remainder when z is divided by 26.
23
Let h be -228*((-20)/(-8))/(-5). Suppose 0 = -3*n + 2*i + 112, 4*n - 3*i = n + h. Calculate the remainder when n is divided by 13.
10
Let i be (1/1)/(2/8). Suppose r - i*r + 48 = 0. Calculate the remainder when 46 is divided by r.
14
What is the remainder when 19 is divided by 13 + (2 - (-1 - -3))?
6
Let y = 31 + -17. What is the remainder when 25 is divided by y?
11
Let z be 3/(-3) - (-2 + 32). Let d = z + 53. Calculate the remainder when d is divided by 8.
6
Suppose -4*s = -84 - 12. Suppose 0 = v - t - 19, 2*v + 4*t + t - s = 0. Let a(r) = -r + 4. What is the remainder when v is divided by a(-5)?
8
Let j be (10/8)/((-1)/(-4)). Suppose 0 = -5*g - j*n + 85, -3*g + 3*n - 19 = -4*g. What is the remainder when 31 is divided by g?
15
Let b be -2*(0 + (-4)/2). Suppose -3*c = -73 + 19. What is the remainder when c is divided by (b/(-6))/((-3)/45)?
8
Let i = -8 - -20. Calculate the remainder when 45 is divided by i.
9
Suppose 0 = 4*y + 3 - 19. Suppose 0*v - 280 = -y*c - 3*v, -2*v = -c + 59. What is the remainder when c is divided by 23?
21
Suppose 5*p - 4 - 6 = 0. Suppose v - 3*a + 47 = -a, -3*v - p*a - 141 = 0. Let m = -33 - v. Calculate the remainder when 53 is divided by m.
11
Let r(l) = -4*l + 0 + 4 - 18*l - 2*l. Let k(i) = 48*i - 7. Let q(s) = -3*k(s) - 5*r(s). Calculate the remainder when q(-1) is divided by 13.
12
Calculate the remainder when 108 is divided by 4 - -8*(-3 + 6).
24
Let r(y) = -y**3 + 4*y**2 + 8*y + 1. Calculate the remainder when 56 is divided by r(5).
8
Let z be -1*1*(-2)/2. Let p = z - -1. Let v(n) = n**3 - n**2 + 2*n - 3. Calculate the remainder when 14 is divided by v(p).
4
Let a(y) = y + 13. Let m be a(-9). Let l(o) = m*o**2 + o**3 - 7*o + 3*o**2 + 7 + 3. What is the remainder when 2 is divided by l(-8)?
0
Let g be 11/6 + 4/24. Suppose -4*c + g*b + 42 = 0, 2*b + 18 = 5*c - 32. Calculate the remainder when c is divided by 5.
3
Let l(r) = -r**2 - 6*r + 6. Calculate the remainder when 41 is divided by l(-5).
8
What is the remainder when (-22)/77 + 382/14 is divided by 14?
13
Let d(g) = g**2 + 5*g**2 - 7 + g**2 + g**3. Let u(s) = -s**2 - 11*s + 5. Calculate the remainder when d(-6) is divided by u(-10).
14
Let y = 0 - -41. Suppose -5*r = 25, 6 - y = -5*c + r. Calculate the remainder when 11 is divided by c.
5
Suppose 2*l = n + 7 + 3, 5*l = -n + 25. Let j = 6 - n. What is the remainder when 22 is divided by j?
4
Let x = 6 - -4. Let c be (4/(-10))/(3/(-15)). Suppose -o - 18 = -c*o. Calculate the remainder when o is divided by x.
8
Let n = 1 - -25. Let u(y) = y - 1. Let f be u(5). Suppose -k - 16 = -x - 1, f = -4*k. Calculate the remainder when n is divided by x.
12
Let c(w) = -2*w. Let z(q) = 4 + q**3 + 8*q - q**2 + 6*q + 16*q**2. Calculate the remainder when z(-14) is divided by c(-1).
0
Suppose -4*p - 3*x + 242 = 0, 0 = 12*x - 8*x - 8. Calculate the remainder when p is divided by 6.
5
Let j(o) = -5*o - 2. Let v be j(-1). Suppose -23 = -v*m + 7. Let z(h) = 16*h - 3. Calculate the remainder when z(2) is divided by m.
9
Suppose -3*b = -29 - 28. Let s(i) = i**3 + 6*i**2 - i + 7. Suppose 0 = 3*p + 2*a + 7, 2*p - 2*a + 2 = -16. Calculate the remainder when s(p) is divided by b.
18
Let h = -2 + 3. Let n be (-85 - h)/(-2) - -2. Suppose -4*o + 35 + n = 0. Calculate the remainder when o is divided by 11.
9
Let z(c) = c - 1. Suppose 0 = 5*a - 2*y - y - 36, -3*a + 3*y = -24. Let v be z(a). Suppose 0 = 3*g - 2*g - v. Calculate the remainder when g is divided by 2.
1
Suppose 5*p - x + 0*x - 21 = 0, -2*p - 3*x = -22. Calculate the remainder when 22 is divided by p.
2
Let o = -6 + 19. What is the remainder when 24 is divided by o?
11
Suppose -5*k + 3*q + 55 = 0, 5*k - 6*k = 5*q + 17. What is the remainder when 14 is divided by k?
6
Calculate the remainder when 178 is divided by (4 - 78/18) + (-182)/(-6).
28
Suppose -2*a - m = -3*a + 7, -5*a - 3*m + 51 = 0. Calculate the remainder when 24 is divided by a.
6
Let c(z) = 4 + 5*z + 0 - 7*z. Suppose 0 = 3*q - 2*f - 15, -5*q + 2*f + 25 = -0*q. Calculate the remainder when c(-4) is divided by q.
2
Suppose 5*y = 25, 4*y - 38 = -5*g + 27. What is the remainder when g is divided by 3?
0
Suppose g - 5*g = -2*u + 50, 0 = 3*u - 3*g - 90. What is the remainder when u is divided by 10?
5
Calculate the remainder when 49 is divided by (-1 + (-24)/(-4))*2.
9
Let w(f) = -f**3 - 11*f**2 - 6*f + 6. Let m be w(-10). Let g = -16 - m. What is the remainder when g is divided by 7?
4
Suppose -v = 4*j - 19, 5*v = -2*j + j + 19. Suppose 0 = -5*m + 20, -8 - 12 = -k - j*m. What is the remainder when 12 is divided by k?
0
Let x(k) = -k**3 - k**2 - k + 4. Let y be x(0). Suppose -y*c + 11 = -9. What is the remainder when 9 is divided by c?
4
Let y(a) = -a**2 + 6*a - 2. Suppose x - 2*x + 17 = 4*v, 4*v + 5*x - 21 = 0. What is the remainder when 23 is divided by y(v)?
5
Let h(f) = f**3 + 9*f**2 + 10*f + 6. Let m(d) = d**3 + 8*d**2 + d + 1. Let r be m(-8). Let s = 54 - 36. Calculate the remainder when h(r) is divided by s.
16
Suppose 5*n + 54 - 254 = 0. Suppose 0*t = -5*t + n. Calculate the remainder when 23 is divided by t.
7
Let m be ((-4)/(-8))/((-1)/(-10)). Suppose 87 = -2*k + m*k. What is the remainder when k is divided by 10?
9
Suppose 0 = z - 4*z + 42. Let p(j) = -j**3 + 8*j**2 - 6*j - 3. What is the remainder when z is divided by p(7)?
2
Suppose -3*j - 4*q = -25, -q - 20 = -7*j + 4*j. Calculate the remainder when 18 is divided by j.
4
Suppose -3*p = -b - 184, 2*p + b - 162 = -41. What is the remainder when p is divided by 31?
30
Let f = -3 - -11. What is the remainder when ((-23)/(-4))/(2/8) is divided by f?
7
Let s = -1 - -3. Suppose 0 = -2*y + 3*f + 86, -f = y - s*f - 44. Suppose -y = -3*z + 14. Calculate the remainder when 58 is divided by z.
18
Suppose 14*z 